{"id":63,"date":"2025-04-13T11:57:39","date_gmt":"2025-04-13T09:57:39","guid":{"rendered":"https:\/\/tonschoepfli.ch\/?page_id=63"},"modified":"2025-04-17T13:50:34","modified_gmt":"2025-04-17T11:50:34","slug":"rechtliches","status":"publish","type":"page","link":"https:\/\/tonschoepfli.ch\/index.php\/rechtliches\/","title":{"rendered":"Rechtliches"},"content":{"rendered":"\n<h2 class=\"wp-block-heading\">Impressum<\/h2>\n\n\n\n<p>Diese Webseite und deren Inhalt wird durch eine private Person erstellt und zur Verf\u00fcgung gestellt.<\/p>\n\n\n\n<p>Die Kontaktadresse, welche zugleich auch die Verantwortung im Sinne der Datenschutzgesetze, insbesondere der EU-Datenschutzgrundverordnung (DSGVO) wahrnimmt, lautet:<\/p>\n\n\n\n<p>MACADI&#8217;s Tonsch\u00f6pfli<br>Marie-Theres Cantieni<br>Quellenstrasse 3<br>8718 Sch\u00e4nis<\/p>\n\n\n\n<p>E-Mail: &#x69;&#x6e;&#102;&#111;&#64;&#x74;&#x6f;&#x6e;&#115;ch&#x6f;&#x65;&#112;&#102;l&#x69;&#x2e;&#x63;&#104;<\/p>\n\n\n\n<p>Webseite: tonschoepfli.ch<\/p>\n\n\n\n<div style=\"height:42px\" aria-hidden=\"true\" class=\"wp-block-spacer\"><\/div>\n\n\n\n<h2 class=\"wp-block-heading\">Haftungsausschl\u00fcsse<\/h2>\n\n\n\n<p>Wir \u00fcbernehmen keine Gew\u00e4hr hinsichtlich der inhaltlichen Richtigkeit, Genauigkeit, Aktualit\u00e4t und Vollst\u00e4ndigkeit der hier publizierten Informationen.<\/p>\n\n\n\n<p>Haftungsanspr\u00fcche gegen MACADI&#8217;s Tonsch\u00f6pfli, welche aus dem Zugriff oder der Nutzung der ver\u00f6ffentlichten Informationen, werden ausgeschlossen. Ebenso ausgeschlossen sind Anspr\u00fcche, die sich aus der Nichtverf\u00fcgbarkeit der Webseite ergeben.<\/p>\n\n\n\n<p>Alle Angebote sind unverbindlich.<\/p>\n\n\n\n<p>Wir tun unser m\u00f6glichstes, um Kurse und Auftr\u00e4ge zu den vereinbarten Terminen und Konditionen durchzuf\u00fchren bzw. zu erf\u00fcllen, schliessen aber jegliche Haftung bez\u00fcglich Forderungen aus, welche Versp\u00e4tungen und andere etwaige Folgen nach sich ziehen k\u00f6nnen. Entstehen bei den Br\u00e4nden von selbst get\u00f6pferten Keramikgegenst\u00e4nden Sch\u00e4den, so entstehen daraus keine Anspr\u00fcche auf Minderungen und Ersatzforderungen.<\/p>\n\n\n\n<h3 class=\"wp-block-heading\"><strong>Haftungsausschluss f\u00fcr Links<\/strong><\/h3>\n\n\n\n<p>Verweise und Links auf Webseiten Dritter liegen ausserhalb unseres Verantwortungsbereichs. Es wird jegliche Verantwortung f\u00fcr Webseiten Dritter abgelehnt. F\u00fcr den bereitgestellten Inhalt der verlinkten Webseiten ist der Betreiber der jeweiligen Webseite verantwortlich.<\/p>\n\n\n\n<h3 class=\"wp-block-heading\"><strong>Urheberrechte<\/strong><\/h3>\n\n\n\n<p>Die Urheber- und alle anderen Rechte an Inhalten und anderen Daten auf dieser Website, insbesondere Bilder, geh\u00f6ren ausschliesslich MACADI&#8217;s Tonsch\u00f6pfli oder anderen Rechteinhabern.<\/p>\n\n\n\n<div style=\"height:42px\" aria-hidden=\"true\" class=\"wp-block-spacer\"><\/div>\n\n\n\n<h2 class=\"wp-block-heading\">Datenschutzerkl\u00e4rung<\/h2>\n\n\n\n<h3 class=\"wp-block-heading\"><strong>Welche personenbezogenen Daten wir sammeln und warum wir sie sammeln<\/strong><\/h3>\n\n\n\n<p>Wenn Sie auf diese Webseite zugreifen werden automatisch Informationen allgemeiner Natur erfasst. Diese Informationen werden im Server-Logfile erfasst und beinhalten die Art des Webbrowsers, das verwendete Betriebssystem, den Domainnamen Ihres Internet-Service-Providers, Ihre IP-Adresse und \u00e4hnliches.<\/p>\n\n\n\n<p>Dies aus folgendem Grund:<\/p>\n\n\n\n<ul class=\"wp-block-list\">\n<li>Sicherstellung eines problemlosen Verbindungsaufbaus der Website<\/li>\n\n\n\n<li>Sicherstellung einer reibungslosen Nutzung unserer Website<\/li>\n\n\n\n<li>Auswertung der Systemsicherheit und -stabilit\u00e4t sowie<\/li>\n\n\n\n<li>zu weiteren administrativen Zwecken<\/li>\n<\/ul>\n\n\n\n<p>Ihre Daten werden nicht verwendet, um R\u00fcckschl\u00fcsse auf Ihre Person zu ziehen. Informationen dieser Art werden lediglich statistisch ausgewertet, um unseren Internetauftritt und die dahinterstehende Technik zu optimieren.<\/p>\n\n\n\n<h3 class=\"wp-block-heading\"><strong>Speicherdauer<\/strong><\/h3>\n\n\n\n<p>Die Daten werden gel\u00f6scht, sobald diese f\u00fcr den Zweck der Erhebung nicht mehr erforderlich sind. Dies ist f\u00fcr die Daten, die der Bereitstellung der Webseite dienen, grunds\u00e4tzlich der Fall, wenn die jeweilige Sitzung beendet ist.<\/p>\n\n\n\n<h3 class=\"wp-block-heading\"><strong>Kontaktformulare<\/strong><\/h3>\n\n\n\n<p>Die von Ihnen eingegebenen Daten werden zum Zweck der individuellen Kommunikation mit Ihnen gespeichert. Hierf\u00fcr ist die Angabe einer validen E-Mail-Adresse sowie Ihres Namens erforderlich. Diese dient der Zuordnung der Anfrage und der anschliessenden Beantwortung derselben. Die Angabe weiterer Daten ist optional.<\/p>\n\n\n\n<h3 class=\"wp-block-heading\"><strong>Cookies<\/strong><\/h3>\n\n\n\n<p>Beim Besuch dieser Website kann unter Umst\u00e4nden ein tempor\u00e4res Cookie gesetzt, um festzustellen, ob Ihr Browser Cookies akzeptiert. Dieses Cookie enth\u00e4lt keine personenbezogenen Daten und wird verworfen, wenn Sie Ihren Browser schliessen.<\/p>\n\n\n\n<h3 class=\"wp-block-heading\"><strong>Verwendung von Scriptbibliotheken (Google Webfonts)<\/strong><\/h3>\n\n\n\n<p>Um unsere Inhalte browser\u00fcbergreifend korrekt und grafisch ansprechend darzustellen, verwenden wir auf dieser Website \u201eGoogle Web Fonts\u201c der Google LLC (1600 Amphitheatre Parkway, Mountain View, CA 94043, USA; nachfolgend \u201eGoogle\u201c) zur Darstellung von Schriften.<\/p>\n\n\n\n<p>Die Datenschutzrichtlinie des Bibliothekbetreibers Google finden Sie hier:&nbsp;<a href=\"https:\/\/www.google.com\/policies\/privacy\/\">https:\/\/www.google.com\/policies\/privacy\/<\/a><\/p>\n\n\n\n<h3 class=\"wp-block-heading\"><strong>Verwendung von Google Maps<\/strong><\/h3>\n\n\n\n<p>Auf dieser Webseite nutzen wir das Angebot von Google Maps. Google Maps wird von Google LLC, 1600 Amphitheatre Parkway, Mountain View, CA 94043, USA (nachfolgend \u201eGoogle\u201c) betrieben. Dadurch k\u00f6nnen wir Ihnen interaktive Karten direkt in der Webseite anzeigen und erm\u00f6glichen Ihnen die komfortable Nutzung der Karten-Funktion.<\/p>\n\n\n\n<p>N\u00e4here Informationen \u00fcber die Datenverarbeitung durch Google k\u00f6nnen Sie&nbsp;<a href=\"http:\/\/www.google.com\/privacypolicy.html\">den Google-Datenschutzhinweisen<\/a>&nbsp;entnehmen. Dort k\u00f6nnen Sie im Datenschutzcenter auch Ihre pers\u00f6nlichen Datenschutz-Einstellungen ver\u00e4ndern.<\/p>\n\n\n\n<h3 class=\"wp-block-heading\"><strong>Social Plugins<\/strong><\/h3>\n\n\n\n<p>Auf unseren Webseiten werden Socialmedia Plugins eingesetzt.&nbsp;\u00dcber diese Plugins werden unter Umst\u00e4nden Informationen, zu denen auch personenbezogene Daten geh\u00f6ren k\u00f6nnen, an den Dienstebetreiber gesendet und ggf. von diesem genutzt. Wir verhindern die unbewusste und ungewollte Erfassung und \u00dcbertragung von Daten an den Diensteanbieter durch eine 2-Klick-L\u00f6sung. Um ein gew\u00fcnschtes Social Plugin zu aktivieren, muss dieses erst durch Klick auf den entsprechenden Schalter aktiviert werden. Erst durch diese Aktivierung des Plugins wird auch die Erfassung von Informationen und deren \u00dcbertragung an den Diensteanbieter ausgel\u00f6st. Wir erfassen selbst keine personenbezogenen Daten mittels der Social Plugins oder \u00fcber deren Nutzung.<\/p>\n\n\n\n<p>Wir haben keinen Einfluss darauf, welche Daten ein aktiviertes Plugin erfasst und wie diese durch den Anbieter verwendet werden. Derzeit muss davon ausgegangen werden, dass eine direkte Verbindung zu den Diensten des Anbieters ausgebaut wird sowie mindestens die IP-Adresse und ger\u00e4tebezogene Informationen erfasst und genutzt werden. Ebenfalls besteht die M\u00f6glichkeit, dass die Diensteanbieter versuchen, Cookies auf dem verwendeten Rechner zu speichern. Welche konkreten Daten hierbei erfasst und wie diese genutzt werden, entnehmen Sie bitte den Datenschutzhinweisen des jeweiligen Diensteanbieters. Falls Sie zeitgleich bei Facebook angemeldet sind, kann Facebook Sie als Besucher einer bestimmten Seite identifizieren.<\/p>\n\n\n\n<h3 class=\"wp-block-heading\"><strong>Wie wir Ihre Daten sch\u00fctzen<\/strong><\/h3>\n\n\n\n<h4 class=\"wp-block-heading\"><strong>SSL-Verschl\u00fcsselung<\/strong><\/h4>\n\n\n\n<p>Um die Sicherheit Ihrer Daten bei der \u00dcbertragung zu sch\u00fctzen, verwenden wir dem aktuellen Stand der Technik entsprechende Verschl\u00fcsselungsverfahren (z. B. SSL) \u00fcber HTTPS.<\/p>\n\n\n\n<h3 class=\"wp-block-heading\"><strong>\u00c4nderungen<\/strong><\/h3>\n\n\n\n<p>Wir k\u00f6nnen diese Datenschutzerkl\u00e4rung jederzeit ohne Vorank\u00fcndigung anpassen. Es gilt die jeweils aktuelle, auf unserer Website publizierte Fassung.<\/p>\n\n\n\n<h3 class=\"wp-block-heading\"><strong>Fragen an den Datenschutzbeauftragten<\/strong><\/h3>\n\n\n\n<p>Wenn Sie Fragen zum Datenschutz haben, wenden Sie sich direkt an die f\u00fcr den Datenschutz zu Beginn der Datenschutzerkl\u00e4rung aufgef\u00fchrten, verantwortlichen Person.<\/p>\n\n\n\n<p>Sch\u00e4nis, 23.04.2025<\/p>\n\n\n\n<p><\/p>\n","protected":false},"excerpt":{"rendered":"<p>Impressum Diese Webseite und deren Inhalt wird durch eine private Person erstellt und zur Verf\u00fcgung gestellt. Die Kontaktadresse, welche zugleich auch die Verantwortung im Sinne der Datenschutzgesetze, insbesondere der EU-Datenschutzgrundverordnung (DSGVO) wahrnimmt, lautet: MACADI&#8217;s Tonsch\u00f6pfliMarie-Theres CantieniQuellenstrasse 38718 Sch\u00e4nis E-Mail: &#105;&#x6e;&#102;&#x6f;&#64;&#x74;o&#110;&#x73;&#99;&#x68;&#111;&#x65;p&#x66;l&#105;&#x2e;&#99;&#x68; Webseite: tonschoepfli.ch Haftungsausschl\u00fcsse Wir \u00fcbernehmen keine Gew\u00e4hr hinsichtlich der inhaltlichen Richtigkeit, Genauigkeit, Aktualit\u00e4t und Vollst\u00e4ndigkeit [&hellip;]<\/p>\n","protected":false},"author":1,"featured_media":0,"parent":0,"menu_order":0,"comment_status":"closed","ping_status":"closed","template":"","meta":{"footnotes":""},"class_list":["post-63","page","type-page","status-publish","hentry"],"_links":{"self":[{"href":"https:\/\/tonschoepfli.ch\/index.php\/wp-json\/wp\/v2\/pages\/63","targetHints":{"allow":["GET"]}}],"collection":[{"href":"https:\/\/tonschoepfli.ch\/index.php\/wp-json\/wp\/v2\/pages"}],"about":[{"href":"https:\/\/tonschoepfli.ch\/index.php\/wp-json\/wp\/v2\/types\/page"}],"author":[{"embeddable":true,"href":"https:\/\/tonschoepfli.ch\/index.php\/wp-json\/wp\/v2\/users\/1"}],"replies":[{"embeddable":true,"href":"https:\/\/tonschoepfli.ch\/index.php\/wp-json\/wp\/v2\/comments?post=63"}],"version-history":[{"count":11,"href":"https:\/\/tonschoepfli.ch\/index.php\/wp-json\/wp\/v2\/pages\/63\/revisions"}],"predecessor-version":[{"id":126,"href":"https:\/\/tonschoepfli.ch\/index.php\/wp-json\/wp\/v2\/pages\/63\/revisions\/126"}],"wp:attachment":[{"href":"https:\/\/tonschoepfli.ch\/index.php\/wp-json\/wp\/v2\/media?parent=63"}],"curies":[{"name":"wp","href":"https:\/\/api.w.org\/{rel}","templated":true}]}}